p(o) = 6*o + 139. Let z(d) = -7*i(d) - p(d). Suppose 0 = -0*k - 3*k. Calculate z(k).
-6
Let z(m) = 12 - 3*m - 6*m + 10*m - 14 - 10*m. Give z(-1).
7
Let s(u) be the third derivative of u**6/360 - 11*u**5/120 + 3*u**4/8 - u**3/6 - 16*u**2 + 3. Let d(j) be the first derivative of s(j). What is d(10)?
-1
Let s(u) = u**3 - 23*u**2 + u + 1. Let t(v) = -3*v**3 + 86*v**2 + 43*v - 171. Let a(p) = -2*s(p) - t(p). Determine a(41).
5
Suppose -111*s + 3 = -108*s. Let k(r) = 21*r + 2. Let f(i) = -11*i - 1. Let b(p) = 11*f(p) + 6*k(p). Give b(s).
6
Let m(s) = s + 10. Let a(f) = -26*f**2 - 467*f - 9. Let v be a(-18). Give m(v).
-17
Let b = 16 + -15. Let n be 2 + (-2 - b - 1). Let r(i) be the first derivative of i**4/4 - i**3/3 - i**2 - 2*i + 366. Determine r(n).
-10
Let a(t) = -3*t + 5. Suppose -3*n + 55 = 5*l, 2*n + 5 = 5*l - 0. Let m be 15/2*(n/(-15))/(-1). Suppose 12 = 2*o + x, -m*o + 0*x + 16 = -x. What is a(o)?
-7
Suppose 4*o - 8*o = 3*p - 2390, -4*o + 3986 = 5*p. Let w(z) = -z - 2*z - 798 + p. What is w(-4)?
12
Let w(d) = 9*d**2 + 169*d + 18. Let f(k) = 4*k**2 + 73*k + 10. Let j(v) = -14*f(v) + 6*w(v). Determine j(-5).
-42
Suppose -4*j = 5*w + 17, -j - 18 = 27*w - 23*w. Let u(t) = 3 - 1 + 2*t - 4*t - 3*t. Calculate u(j).
-8
Let o(x) = -4*x**2 + 2*x + 3. Let d(n) = 5*n**2 - n - 3. Let s(p) = 3*d(p) + 4*o(p). Suppose 861 = -5*b - 814. Let u be (b/268)/((-1)/4). Determine s(u).
3
Suppose 2*n - 23 + 5 = 0. Let r(g) be the third derivative of g**6/120 - g**5/6 + 7*g**4/24 + 3*g**3/2 - 100*g**2. Give r(n).
-9
Let v(l) = 467*l**2 - l**3 + 84*l - 54*l - 436*l**2 + 76. Calculate v(32).
12
Let f(h) = -1349*h + 2712*h - 36 - 1359*h. Calculate f(-7).
-64
Let x(n) = -58 - 47*n + 118 - 61. Let t = 249 + -250. What is x(t)?
46
Let o = 51 - 45. Suppose 0 = -5*b - 0*b - 4*r - 1, 4*b - r - 16 = 0. Let y(n) = 1 + 8*n**2 - 3 - n**3 - b*n**2 + 2*n**2 - 7*n. Give y(o).
-8
Suppose 5*p - 3*p = -6. Let h(n) be the first derivative of n**3/3 + n**2 + n + 47. What is h(p)?
4
Let j(x) = x + 1. Let z(t) = 5*t - 15. Let c = -81 + 80. Let l(u) = c*z(u) + 6*j(u). What is l(-16)?
5
Let y(n) = 52*n + 16. Let m(s) = 10*s + 2. Let g(o) = 11*m(o) - 2*y(o). Determine g(0).
-10
Suppose -213*s = -140 - 48 - 664. Let n(v) be the second derivative of -1/2*v**2 - 1/6*v**s + 0 + 1/3*v**3 - 23*v. Calculate n(-2).
-13
Let g be (-6)/15 + (-26)/10. Let l(y) be the first derivative of -8*y**3/3 - 3*y + 2371. Let p(n) = 18*n**2 + n + 6. Let o(t) = g*p(t) - 7*l(t). What is o(2)?
5
Suppose 160 = -35*l - 566 + 131. Let i(x) = x**3 + 16*x**2 - 13*x + 69. Calculate i(l).
1
Let u(d) = -d + 6. Suppose 0*o = 2*o + 4, 4*y - 36 = 4*o. Let i(w) = w**3 - 7*w**2 + 2. Let m be i(7). Suppose 4*g + 4 = -z, m = -3*g - y. Determine u(z).
-2
Let h(y) = 19*y + 374. Let r = -1918 - -1898. Calculate h(r).
-6
Let l = 204 + -201. Let k(y) = -2*y**3 + 3*y**l - 2085 + 2086 + 7*y + 10*y**2. Calculate k(-9).
19
Let i(j) be the first derivative of 14 + 3*j**2 + 1/3*j**3 + 3*j. What is i(-6)?
3
Let y = -310 + 292. Let s be (0 + 2)*(-63)/y*-1. Let b(o) = o**3 + 6*o**2 - 3*o + 1. Calculate b(s).
-27
Suppose -18952 = 18*n + 10712. Let u = n - -1650. Let p(j) = -1. Let t(r) = -6*r - 2. Let k(c) = -p(c) + t(c). Determine k(u).
-13
Let i be 1/(1/(-2))*120/(-48). Let a(g) = -6*g - 7 - 2*g - 10*g + 24*g - 7*g. What is a(i)?
-12
Let w(j) = j**2 - 10*j - 11. Suppose 5*z = -5*o + 15, -4*o + 11 = z + 8. Suppose -f + 5 = 0, z*y - 26 = -3*f + 5*f. Determine w(y).
13
Let v(s) = -s**3 - 29*s**2 - 31*s - 58. Let d be v(-28). Let k(r) = 7 - 6 - d*r**2 - 8*r**3 - r + 27*r**2. Let q = 1 - 0. Determine k(q).
-7
Suppose 5*m + 3*k = 14, -71*k + 28 = -2*m - 68*k. Let u(d) = 90*d + 7. What is u(m)?
-173
Let v(i) = -i**3 - 6*i**2 - 10*i - 9. Suppose 0 = -5*l - 3*d - 33, 0 = 111*l - 107*l - 2*d + 22. Calculate v(l).
51
Let t(k) = k - 4*k + k. Suppose -154*v + 92*v = -184*v + 122. Calculate t(v).
-2
Suppose 26*f + 1656 = 75*f - 256*f. Let x(a) = -4*a**2 + 3*a - 2. Let p(j) = 3*j**2 - 4*j + 3. Let i(u) = 5*p(u) + 4*x(u). Calculate i(f).
7
Suppose 41*g - 20 - 20 = 21*g. Let r(h) be the first derivative of 1/2*h**g + 10 - h. Give r(2).
1
Let o(m) = -m - 1. Suppose -g + 3 = 4. Let p(j) be the third derivative of -j**4/12 - 7*j**3/6 + 10*j**2 - 10. Let x(n) = g*p(n) + 4*o(n). What is x(4)?
-5
Let p(y) = y - 10. Let k(b) = -44*b - 72. Let f be k(-5). Let m = 141 - f. Calculate p(m).
-17
Let x(l) = -36*l. Let q be (21/252)/((-8)/(-96)). Give x(q).
-36
Let r(d) = -2*d**2 - 10 - 5*d + 13*d**3 + 5 - 71*d**3 + 50*d**3. Calculate r(-1).
6
Let z be 14/(-3 - -1) - (-42 - -30). Let i(a) be the second derivative of a**5/20 - a**4/3 - a**3/3 - 7*a**2/2 - 3*a. Calculate i(z).
8
Let b(t) = t**2 - 39*t + 41. Let g be b(38). Let o(u) = -7*u**2 + 11*u - 9. Let z(d) = -3*d**2 + 6*d - 4. Let w(f) = -2*o(f) + 5*z(f). Calculate w(g).
13
Let g(n) be the second derivative of n**4/12 + 4*n**3/3 + 13*n**2 + 853*n. Determine g(-4).
10
Let o(l) = -16*l + 13. Suppose 213 = -78*q + 759. Calculate o(q).
-99
Let s = 119 + -119. Let q(h) = -18 + s + 4 + 2*h - h. What is q(4)?
-10
Let s(q) = -q**3 - 7*q**2 + 3*q - 7. Let g = -205 - -199. What is s(g)?
-61
Let i(r) = -r**2 - 11*r - 11. Let u(o) = 24*o + 134. Let c(z) = 2*z**3 + 35*z**2 - 19*z - 24. Let l be c(-18). Let x be u(l). Give i(x).
-1
Let v(x) = x**2 - 20*x + 1. Let j be v(20). Let o(d) = 2*d + 6. Let r be o(-3). Let k(a) = 4*a - 4*a + 1 + a**2 + r*a**2. Determine k(j).
2
Let c = -6158 - -6151. Let f(s) = 4*s + 34. Determine f(c).
6
Let p(l) be the third derivative of l**6/120 - l**5/60 - l**4/3 + 34*l**2. What is p(-4)?
-48
Let k(i) = -25*i**2 - 4*i + 2. Let b be k(0). Let l(a) = 79*a + 3. Calculate l(b).
161
Let j(u) = 54*u**2 - 36*u - 117. Let d(c) = -11*c**2 - c. Let b(i) = 5*d(i) + j(i). Give b(-38).
-3
Let b be (-24)/(-15) + (-6)/(-15). Suppose -6 = b*q, -o + 3*q + 7 + 4 = 0. Let n(r) = -12*r + 5*r**o + 5*r + 8*r - 1. What is n(1)?
5
Let b(k) = 9*k + 6. Suppose 4*d - 3*m - 225 = -188, -5*d - 4*m + 23 = 0. What is b(d)?
69
Suppose -2*x - 88 = 9*x. Let y be x/(-1) + -3 + -2 + -1. Let l(v) = 2*v**2 - 5*v - v - 3*v**y - 1. What is l(-5)?
4
Let f(v) = 2*v**2 - 2*v**2 - 3 - 4*v + 5*v**2. Let y(s) = 10*s**2 - 7*s - 5. Let r(j) = -5*f(j) + 3*y(j). Let k = -226 + 225. Determine r(k).
6
Suppose 13*h = 90 - 51. Let d(m) = -6*m**2 + 4*m + 3. Let k(j) = 5*j**2 - 4*j - 2. Let p(t) = 4*d(t) + 5*k(t). Give p(h).
-1
Let g = 9468 - 9488. Let f(j) = -5*j - 118. Determine f(g).
-18
Let h(n) = -n**3 - 5*n**2 - 3*n - 3. Let k = -8 + 16. Suppose v = -4, -2*v - 2 + 3 = 3*q. Let s be k/(-3) - (-2)/q. Determine h(s).
-9
Let u(d) be the third derivative of d**7/60 - d**6/180 - d**5/120 - 49*d**3/6 + 26*d**2. Let g(l) be the first derivative of u(l). Give g(-1).
-15
Let n = -9787 + 9803. Let s(a) = -a + 77. Give s(n).
61
Let g be (-32)/24*(-9)/(-2). Let w(k) be the second derivative of k**4/12 + 7*k**3/6 + 3*k**2 - k + 36. Calculate w(g).
0
Let s(w) = 30. Let v(b) = 3*b - 87. Let d(x) = 8*s(x) + 3*v(x). Give d(3).
6
Let i be 12/1 - (-5 - 0). Let t = 29 - 6. Let x(q) = -41 + i + t + q. Determine x(-1).
-2
Suppose 0 = 4*t - 18*t - 42. Let b(r) = -6*r**2 - 5*r + 1. Let h(s) = -2*s**2 - 2*s. Let k(p) = -b(p) + 2*h(p). Give k(t).
14
Let o(q) = q**3 + 3*q**2 + 3*q + 1. Let d(k) = 6*k**3 + 26*k**2 + 40*k - 5. Let b(v) = -d(v) + 5*o(v). Determine b(-7).
-11
Let g = 3 - 0. Let q(j) be the first derivative of -3*j**2/2 - 826. Give q(g).
-9
Let o(q) = 63*q + 3*q + 534 - 514 - 4*q**2. Determine o(17).
-14
Let t(y) = 25*y**2 - 4*y + 102. Let m(g) = 14*g**2 - 2*g + 53. Let a(l) = -9*m(l) + 5*t(l). What is a(-9)?
-30
Suppose -22*s + 20*s = -6, -3*q - 2*s + 45 = 0. Let o(c) = -12*c + 3 - 12*c + q*c**2 + 32*c - c - 2*c**3. Calculate o(7).
3
Let u(a) = -8*a**2 - 2*a + 2. Let o(q) = -q**3 - 11*q**2 + 26*q - 2. Suppose 2*m - 2*n + 40 = 12, 2*m + 30 = 4*n. Let p be o(m). Determine u(p).
-26
Let s(d) = d**3 + 7*d**2 + 6*d - 3. Suppose 0 = 2*l + x - 84, 3*x + 0*x - 120 = -3*l. Suppose -4*w = -0*w + 5*f + l, -20 = 4*w - f. Give s(w).
-3
Let k be 2/(-1 - (-2 + 2)). Let y be (0 + -6)*19/(-114)*-3. Let g(d) = 2*d**3 - d**2 - 4*d. Let w(a) = 3*a**3 - 4*a + 1. Let n(q) = y*w(q) + 4*g(q). Give n(k).
-3
Let g(r) = -1. Let q(x) = -7*x**3 + 2*x + 3. Let k be q(-2). Let u = k + -52. Let j